 v(n) = 39*n - 2234. Let y be v(57). Calculate x(y).
-2
Let o(c) = 10*c - 19*c - 10 + 10*c. Suppose 4*z + 3*x - 19 = 0, 37 = -4*z - 6*x + 47. Give o(z).
-3
Let m(t) = -t**3 + 2*t**2 + 19*t - 55. Let d(a) = a**2 + 7*a. Let f(x) = 3*d(x) - m(x). Determine f(0).
55
Let v(h) be the first derivative of 11*h**2/2 + h - 5. Let o = 158 - 87. Let a = o - 70. Give v(a).
12
Let n(m) = 0*m**2 - 5*m**2 - 1 - 6*m**3 + 5*m**3. Let i(v) be the second derivative of -v**3/3 - 30*v**2 - 3*v + 3. Let g be i(-28). Determine n(g).
-17
Let k(r) be the first derivative of -7*r**2/2 + 6*r + 132. What is k(-6)?
48
Let r(m) be the first derivative of -9/2*m**2 + 1/4*m**4 + 9*m + 8/3*m**3 + 18. Calculate r(-9).
9
Let z = 11817 - 11814. Let l(t) = 50*t - 9. Calculate l(z).
141
Let p(w) = 5*w + 3. Suppose -4*q = b + 22, -5*b = -2*b + 3*q + 48. Let s(j) = 107*j + j**2 - 82*j - 13*j - 31. Let u be s(b). Give p(u).
-12
Let k = -2847 - -2849. Let i(o) = 31*o + 5. Determine i(k).
67
Let r(o) be the third derivative of -o**8/6720 + o**7/504 - o**6/240 - o**5/120 - 3*o**4 + 33*o**2. Let g(v) be the second derivative of r(v). Calculate g(4).
3
Let y(h) be the third derivative of -h**4/24 + 3*h**3 + 3*h**2 + 167*h. Suppose 3*q - 5*p = 70, 0*q + 5*p + 85 = 4*q. What is y(q)?
3
Let w(i) = -i**3 - 5*i**2 - 4*i - 6. Suppose 5*r = -0*h - 4*h + 609, r = -4*h + 109. Let x = 121 - r. Determine w(x).
-6
Let o(y) = -y**3 - 24*y**2 + 24*y - 23. Let j be o(-25). Let m(z) = z**j + 3*z**2 + 10*z**2 + 5 + z**3 + 10*z - 3*z**2. Suppose 11 - 61 = 5*k. Give m(k).
5
Let x(g) be the first derivative of -g**5/120 + g**4/12 - 2*g**3/3 - 27*g**2/2 - 62. Let a(d) be the third derivative of x(d). Determine a(11).
-9
Let r be 8178/(-376) - (9/12)/(-1). Let z(m) = 2*m**2 + 39*m - 63. What is z(r)?
0
Suppose 45*x - 2*q - 11 = 48*x, -q = -4*x - 11. Let k(z) = -2*z**3 - z**2 + 6*z + 6. Give k(x).
33
Suppose -48 = 800*m - 397*m - 397*m. Let d(w) = 7*w + 54. Calculate d(m).
-2
Let h = 537 - 303. Let s = h + -231. Let g(w) = w**2 - 2*w + 5. Calculate g(s).
8
Suppose -40*o + 17*o = 19*o + 1470. Let c(m) = 6*m**2 + 210*m - 5. Give c(o).
-5
Let s(g) = -181*g + 4. Let a be s(-1). Suppose r = -4*r + a. Suppose r*h = 40*h + 24. Let b(k) = -k**2 - 9*k - 6. What is b(h)?
2
Let i(n) = 3*n**2 + 12*n - 5. Suppose 0 = 38*g - 1443 + 1595. Give i(g).
-5
Let o = -3 - 12. Let k be 87/o - 1/5. Let s(w) = w**3 - 27 + w - 2*w**3 - 6*w**2 + 37 + 0*w**3 - 15. Give s(k).
-11
Let s(j) be the second derivative of -j**3/6 + 5*j**2/2 + j. Let p = -87117 + 87122. Give s(p).
0
Let c(l) = 17*l + 7. Let q(u) = 9*u + 4. Let p(a) = -6*c(a) + 11*q(a). Let j be ((-8)/((-40)/315))/(-1). Let r be j/12 - 1/(-4). Give p(r).
17
Let c(u) be the third derivative of -u**5/120 + u**4/8 + 12*u**3 - 3*u**2 + 9. Let s(h) be the first derivative of c(h). What is s(-5)?
8
Let y(x) = -x**2 - 2*x + 4. Let f(c) = -c**2 - 3*c + 3. Suppose 18 + 10 = -14*b. Let l be ((-4)/(-6))/((-7)/3 - b). Let h(o) = l*y(o) + 3*f(o). Give h(-6).
-5
Let h(w) be the second derivative of w**4/12 + w**3 - 4*w**2 + 2332*w. Determine h(-7).
-1
Suppose -88 = -d - 40. Let t(f) = d + 46 + 3*f + 48 + f**2 - 146. Let k be (-8)/3 - 2/6. Calculate t(k).
-4
Let z(f) = f**3 - 5*f**2 - 4*f - 5. Let a(n) = 2*n**3 - 11*n**2 - 7*n - 13. Let m(c) = 2*a(c) - 5*z(c). Suppose -5 = -3*g + 7. Determine m(g).
7
Let o be ((-220)/(-792))/((-60)/(-54)). Let k(f) be the second derivative of -1/20*f**5 - f**2 + 2/3*f**3 + 0 + o*f**4 - 7*f. Determine k(4).
-2
Let k(g) = 7 + 38701*g - 38702*g - 21. What is k(-11)?
-3
Let g(o) be the second derivative of -o**5/20 + 11*o**4/12 - 2*o**3 + 7*o**2 - 97*o - 29. Calculate g(7).
126
Let g(m) = -10*m - 2789 + 5586 - 2806 + 30*m + 31*m. What is g(2)?
93
Let l(a) = 1003 - 5*a**2 + 29*a**3 - 11*a**2 + 19*a - 969 - 30*a**3 + 0*a**2. Give l(-17).
0
Let t(x) = -x**3 + x - 4*x**2 + 3 + x + 0. Suppose 13410*j + 108 = 13374*j. Give t(j).
-12
Let q(r) = r + 1. Suppose 5*b = -2*w + 57, 8*b + 62 = 2*w + 12*b. Suppose 4*y - 45 + w = 0. Determine q(y).
2
Suppose -69 = 21*u + 57. Let s(q) be the second derivative of q**5/20 + q**4/2 - q**3/6 - q**2 - 8*q. Give s(u).
4
Let k(f) = -33*f**2 - 14*f - 99. Let i(h) = -13*h**2 - 7*h - 50. Let s(t) = 5*i(t) - 2*k(t). What is s(12)?
8
Suppose 2*d + 9 = -3*q, 5*q + 25 = 69*d - 74*d. Let g(j) = 8*j - 33*j - 6 + 21*j - j**2. What is g(d)?
-18
Let d(y) be the second derivative of 3*y**3/2 - 6*y**2 - 423*y - 1. Determine d(6).
42
Let c(m) = -12533*m**3 - m**2 + 12521*m**3 + 1 + 0. What is c(1)?
-12
Let p(d) = -2*d - 28. Let o(k) = -2*k - 24. Let g(l) = -14*o(l) + 12*p(l). Let z be ((-3)/2)/(10/20). Let n be -1 + z + -1 + 4. Give g(n).
-4
Let k(z) = 1781485 + 1781421 + 13*z - 3562857. Give k(-3).
10
Suppose 6*l = 68 + 160. Suppose 0 = -5*q + 3*f + 6 + l, 3*q - 3*f - 30 = 0. Let g(x) = -x**3 + 8*x**2 - 5*x - 7. Calculate g(q).
7
Let i = -41406 + 41389. Let v(t) be the third derivative of -t**4/24 - 5*t**3/3 - 2*t**2. Give v(i).
7
Let i(u) = -u**3 - 13*u**2 - 40*u - 13. Let t be i(-7). Let f(r) = r**2 + 28*r + 14. What is f(t)?
-13
Let d = 11 - 8. Let g(q) = 4*q + 6*q**2 - q**2 + q - q + 5 - q**d. Let y be 1/(-1)*(24 - 15 - 15). Calculate g(y).
-7
Let m(p) = -p**3 + 4*p**2 - 5. Let d be m(4). Let i(n) = -66*n**2 - 5*n + 142*n**2 - 77*n**2. Determine i(d).
0
Let k(p) = p + 4. Let g be ((-15)/(-5))/(6/10). Suppose -3 = -s + c - g, 4*s = -c - 13. Give k(s).
1
Let a(c) be the first derivative of -6*c**2 + 3*c**2 + 2*c - 5 - c - 5*c**2. Suppose 41 = 261*j - 302*j. Calculate a(j).
17
Let c(w) = w - 8. Let x be c(11). Let m(s) = -119*s + 64*s + 54*s + s**3 - 7*s**2 + x. Calculate m(7).
-4
Let h(d) be the third derivative of -d**5/60 + d**4/3 + 3*d**3/2 + 294*d**2. Let s be (-171)/(-24) + (-5)/40. What is h(s)?
16
Let g = 68 + -220. Let t = -162 - g. Let h(f) = f**2 + 10*f + 13. Give h(t).
13
Let j be (((-3)/(-30))/((-4)/(-104)))/((-48)/240). Let o(y) = y**3 + 13*y**2 - 3*y - 27. Give o(j).
12
Let o(y) = 21*y + 7. Let q(x) = -59*x - 17. Let u(w) = -11*o(w) - 4*q(w). Give u(5).
16
Let c be 246/4*12/18. Let w(z) = 47 + z - 139 + c + 50. Suppose -36 = 4*u - 4*s - 0, 0 = -5*u - 5*s - 25. Determine w(u).
-8
Let w(p) be the third derivative of 0 + 1/24*p**4 + 96*p**2 + 0*p - 4/3*p**3. Let m(s) = s**2 - 6*s + 6. Let c be m(6). What is w(c)?
-2
Let w(s) = s**2 + 8*s - 3. Let n(h) = h**3 + 20*h**2 + 78*h + 234. Let t be n(-16). What is w(t)?
177
Let i(k) = -88*k**3 + k**2 - 1. Let x be i(-1). Let n = x + -89. Let p(g) = -g**3 - g**2 - 4*g - 3. Let o be p(n). Let r(y) = 20*y**2 - y + 1. Calculate r(o).
20
Suppose 26*o + 52*o = 0. Let s(p) = -2*p + 80. Calculate s(o).
80
Let z(j) = 5*j**3 + 11*j**2 + 6*j - 25. Let w(l) = 8*l**3 + 21*l**2 + 11*l - 49. Let a(p) = 3*w(p) - 5*z(p). Let f be a(8). Let s(g) = -14*g. Give s(f).
-28
Let z = 43 - 37. Suppose z + 2 = -u + 2*h, -5*u - 40 = h. Let i(m) be the second derivative of m**5/20 + 7*m**4/12 - 7*m**3/6 + 3*m**2/2 - 2*m. Determine i(u).
-5
Let a(o) = -2*o**3 - o**2 + 4*o + 3. Let c = 657 - 661. Let g(m) = -6 + 0*m + 4*m + 20. Let t be g(c). What is a(t)?
7
Suppose 3*q = -6 - 3. Let u(f) = -f**2 - 2*f + 2. Let j be u(0). Let d(a) = -6*a - 5*a**j + 20*a**2 - 6*a**2 - 10*a**2 - 2. Calculate d(q).
7
Let p(n) = n**2 - 12*n - 110. Let d(m) = 111*m + 3791. Let v be d(-34). What is p(v)?
-25
Let i(w) = 7 - 877*w**2 + 41*w - 33*w + 876*w**2. Calculate i(-5).
-58
Let r(h) = -h**2 + 6*h + 2. Let u(o) = -360*o + 1805. Let j be u(5). Calculate r(j).
7
Let n = -14 + 17. Suppose -2*h = j - 1, -5*j - h = h + n. Let z(f) = -17*f - 145 + 68 + 76. What is z(j)?
16
Suppose 0*s - 2*s - 6 = 0. Let t be (-7 + -1)/(s - -2). Let r(u) be the first derivative of -u**3/3 + 9*u**2/2 - 5*u + 52187. Determine r(t).
3
Let r(u) = -u - 16. Let q = 3860 - 3873. What is r(q)?
-3
Suppose 3776*z - 882 = 3678*z. Let k(n) = -n**2 + 13*n - 31. Determine k(z).
5
Suppose 0 = 3*u - 32 + 5. Let h(l) = -16*l**3 + 41*l**2 - 4*l - 33. Let y(g) = -7*g**3 + 19*g**2 - 3*g - 16. Let p(j) = -3*h(j) + 7*y(j). Determine p(u).
-13
Let w(k) be the first derivative of 11*k**2 + 14*k**2 + 19*k + 12*k**2 - 165 - 39*k**2. Calculate w(5).
-1
Let k(z) = 496204 - 20*z + 5*z**2 - 4*z**2 - 496210. Determine k(14).
-90
Suppose u + 5*h + 75 = 45, 50 = -5*u - 5*h. Let b(x) = -25*x - 120. De